at is the highest common factor of c and x?
6
Let h(z) = z**2 + 2*z + 210. Let v be h(0). Suppose -v = -f - 13*f. Calculate the highest common factor of f and 5.
5
Let k = -848 + 924. Calculate the highest common divisor of 1558 and k.
38
Let a(r) = 6*r**2 - 348*r - 114. Let q be a(59). Calculate the greatest common divisor of q and 555.
15
Suppose -b = -4, 5*f + 5*b - 84 = f. Let a = 341 - -90. Let v = 607 - a. What is the highest common divisor of f and v?
16
Let a(d) = 3*d**3 - 2*d**2 - d - 2. Let r be a(2). Let z = 588 + -423. Let v = 177 - z. Calculate the greatest common factor of r and v.
12
Let z = 16928 - 15620. Calculate the greatest common divisor of 36 and z.
12
Suppose 51 = d + i - 196, -243 = -d - 2*i. Let k = d + -247. Calculate the highest common divisor of k and 4.
4
Let c(n) = -n**2 - n + 14. Let r be c(0). Let b = 9875 + -9868. What is the greatest common factor of b and r?
7
Suppose -511 = 2*f - 513. Let t be (-70)/(f - 2) + (-36)/18. Calculate the greatest common factor of 68 and t.
68
Let o be ((-534)/(-445))/(12/19600). Calculate the greatest common factor of 1666 and o.
98
Let i be (-6 + 2)/(-2)*(-35)/(-5). Let j be 16792/48 - 4/(-24). Calculate the highest common divisor of i and j.
14
Let s(k) = -3*k + 59. Let l be s(18). Suppose -4*b + 2*w + 99 = -b, l*b = -5*w + 165. What is the greatest common factor of b and 88?
11
Let o = 33 + -20. Suppose o = 3*w - 5. Let g(v) = -v**3 + 8*v**2 - 11*v + 34. Let k be g(7). Calculate the highest common divisor of k and w.
6
Let t be 6*(-2)/(-24)*8. Suppose 3*x = t*k - 523 - 309, -2*x = 2*k - 416. Let j = -12 + 28. Calculate the greatest common factor of k and j.
16
Suppose 0 = 3*v - 3, 181*l - 184*l + 3*v = -3723. Calculate the greatest common factor of 46 and l.
46
Suppose 0 = 19*c + 60 - 117. Calculate the greatest common factor of 73 and c.
1
Let b be 3/(-9)*147/(-28)*496. Let i = 88 - 60. What is the greatest common divisor of i and b?
28
Let o = 28 - -20. Suppose o*c - 46*c = 42. What is the greatest common factor of c and 7?
7
Suppose 14 = 5*u - 31. Let q(k) = 194*k + 1803. Let y be q(-9). What is the greatest common factor of u and y?
3
Suppose 5*s - 28 = 9*s, 52 = a - 3*s. What is the highest common factor of a and 8773?
31
Suppose 0 = -5*f - 34 + 54. Suppose 3*n - 7*n = -2*h + 252, f*h + 2*n = 504. Suppose 2*a - 5*a = -h. What is the highest common divisor of a and 105?
21
Suppose 82*a = 65*a + 17. Suppose 22 = 2*m - 10. Suppose d = p + 8, 3*p - m = -d - d. Calculate the highest common divisor of d and a.
1
Suppose -3*r + 7763 = -3*z - 18217, 17328 = 2*r - z. What is the highest common divisor of 132 and r?
44
Let w = -8201 - -8258. What is the greatest common divisor of w and 3021?
57
Suppose 122 = 2*u - 2*c, 4*u - 49 - 211 = -4*c. Let w = 71 - u. Let s be (-1 - 3/(-5)) + (-2254)/(-35). Calculate the highest common factor of s and w.
8
Let x = -281 - -308. Let s(u) = u**3 + 29*u**2 - 77*u - 33. Let g be s(-31). What is the greatest common factor of x and g?
27
Let v = 899 + -894. Let m = -10 + 22. Suppose m = v*k - k. What is the greatest common factor of k and 21?
3
Suppose 88*k - 86*k - 5 - 15 = 0. Calculate the greatest common divisor of k and 12040.
10
Let o(j) = -12*j + 28. Let d(i) be the first derivative of -i**2/2 + 3*i - 26. Let v be d(9). Let n be o(v). What is the highest common factor of 40 and n?
20
Suppose 0*u + u - 249 = 5*q, 15 = 5*q. Let i = -254 + u. What is the greatest common factor of 80 and i?
10
Let i(v) = v**2 - 12*v + 53. Let a(s) = s**2 - 2*s - 10. Let g be a(-4). Let f be i(g). Suppose 0*n + 18 = n. Calculate the highest common factor of f and n.
9
Let f(m) = 1441*m - 10459. Let b be f(18). Calculate the greatest common factor of b and 46.
23
Let x(p) = -12*p + 9. Let y be x(0). Suppose 21*s = y*s + 240. Calculate the highest common factor of 30 and s.
10
Suppose -87 = -4*f - 47. Let a be (f - 12)*10/4 + 26. Calculate the greatest common divisor of a and 301.
7
Let q(v) = -v**3 + 108*v**2 - 215*v + 698. Let k be q(106). Calculate the highest common factor of 24320 and k.
380
Suppose 38 = -87*z + 995. Calculate the highest common factor of z and 15983.
11
Let b = -526 - -526. Suppose -2*v + 2*l + 28 = b, 3*l - 2*l - 46 = -5*v. Calculate the greatest common divisor of v and 4.
2
Let h(m) = -12 + m + 8*m - m - 8 + 5*m**2 - m**3 - 6. Let z be h(4). What is the highest common divisor of 55 and z?
11
Suppose 7*l + 5 = 8*l. Let p be l/((-6)/(-108)*6). What is the greatest common factor of p and 255?
15
Let u = 162 - 54. Let t = 7398 + -7314. What is the greatest common divisor of t and u?
12
Let d be 16/6*720/64. Let c(r) = -119*r + 11. Let x be c(-5). Suppose t + 5*p - 105 = -0*t, 5*t - 2*p - x = 0. Calculate the greatest common factor of d and t.
30
Suppose 9*j = 6*j + 186. Let c = j + -60. Suppose -c*d + d + 60 = 0. Calculate the highest common factor of 20 and d.
20
Suppose 28 + 23 = w. Let c = -220 + 174. Let t = w + c. Calculate the highest common factor of t and 15.
5
Let x = 190 - 82. What is the highest common factor of x and 864?
108
Suppose -14 = -5*k + 11. Suppose 9 = k*h - 16. Suppose 3 = 3*z - 6*w + h*w, -z = 2*w - 8. Calculate the highest common divisor of z and 2.
2
Suppose -34*w + w + 1122 = -0*w. Calculate the highest common divisor of 18598 and w.
34
Let d = 28 + -10. Let h(f) = 3*f - 19. Let u be h(-12). Let s = -53 - u. What is the highest common divisor of s and d?
2
Let g(n) = -258*n + 4616. Let i be g(0). Calculate the greatest common divisor of 8 and i.
8
Let r(u) = 4*u**3 - 12*u**2 + 25*u + 3. Let g be r(2). What is the highest common factor of g and 3737?
37
Suppose -4*w - 6238 = -8*w + j, 7802 = 5*w + j. Calculate the highest common divisor of 65 and w.
65
Let n = 5019 - 4848. Calculate the highest common factor of 14592 and n.
57
Let j be (68/(-12))/(4/(-12)). Let n be (-70)/(-12) - j/(-102). Let i be 2977/26 - 1/2. What is the highest common divisor of n and i?
6
Let b be (-89 + -28)/(8/(-48)). What is the greatest common factor of b and 432?
54
Suppose -58*b = -49*b - 837. Suppose -3*c - 4*t + 748 = 0, -2*c + 58 = -3*t - 435. What is the greatest common factor of b and c?
31
Let v(t) = -t**3 + 63*t**2 - 29*t + 1911. Let h be v(63). Calculate the greatest common divisor of h and 10276.
28
Let t = -4503 + 4571. Calculate the greatest common factor of 1853 and t.
17
Let l(x) = x**3 - 18*x**2 + 60*x + 83. Let d be l(6). Calculate the greatest common divisor of 152 and d.
1
Let b(x) = -3 - 5*x + 3*x + 5*x + x. Let c be b(5). Suppose 15*v - c*v + 102 = 0. Calculate the greatest common factor of 34 and v.
17
Let t be (-64*9/54)/((-1)/27). Calculate the greatest common factor of 120 and t.
24
Let c(i) = -i**2 + 7*i + 5. Let f be c(8). Let u be (-43)/((-4 - -5)/(2 + f)). Calculate the highest common factor of u and 387.
43
Let a = 19258 - 16468. Calculate the greatest common divisor of a and 20.
10
Let j = 59 - -26. Let v = -676 + 933. Suppose 251*w + 102 = v*w. What is the greatest common factor of w and j?
17
Suppose -13*v - 2509 = -351. Let l = -134 - v. Calculate the highest common factor of l and 24.
8
Let y(q) = -q**3 - 8*q**2 - 2*q - 12. Let w be y(-6). Let a = w + 81. Calculate the highest common divisor of 27 and a.
9
Suppose -3*y - 348 = -32*y. Suppose -y*b + 72 = -4*b. Let k be (-2)/(-1) + -5 + 102. What is the highest common divisor of k and b?
9
Let i(j) = -20 + 26 - 2*j**2 + 0*j**2 - 23*j - 28. Let d be i(-9). Calculate the highest common divisor of 23 and d.
23
Let f = 36 - -3. Let m(g) = -3*g + 26. Let z be m(10). Let c = 9 - z. What is the greatest common factor of f and c?
13
Let t be 50 - (7 + 2)/((-3)/2). Let z = t + 273. What is the greatest common factor of 47 and z?
47
Let j(s) = s**3 - 11*s**2 - 22. Let m be j(11). Let r = 26 + m. Suppose -r*k - 138 = -7*k. What is the highest common factor of k and 23?
23
Suppose -15*x + 29 + 136 = 0. Suppose 3*o + 4 = -5*p + x, -4*o = p - 32. Calculate the greatest common factor of 99 and o.
9
Suppose -2*b + 5*u - 1127 = 0, -2*b - 1100 = 4*u - 0*u. Let r = 198 - b. What is the highest common divisor of 26 and r?
26
Suppose b - 7 = -t, 5*t + b - 21 = 10. Let d = -1130 - -1154. Calculate the greatest common divisor of t and d.
6
Let d = 529 - -95. What is the highest c